(h) = h**2 + 2*h + 2. Let b(k) = 3*k. Let z be b(-1). Let y be x(z). Suppose -y*n + 10*n - 130 = 0. Calculate the remainder when n is divided by 9.
8
Let h(d) = 5*d - 35. What is the remainder when 39 is divided by h(9)?
9
Let w(n) = -n + 3. Let b be w(-8). Let q = -7 + b. What is the remainder when q is divided by 3?
1
Let d be 5/1*24/15. Suppose 0*n = 3*n - 135. What is the remainder when n is divided by d + 1 - (-3 + 0)?
9
Suppose -4*a + 20 = -2*a. Suppose -3*s + 29 + a = 0. What is the remainder when 49 is divided by s?
10
What is the remainder when 238/21 - (2 - 10/6) is divided by 3?
2
Let n(i) = -i**3 + 2*i**2 + 5*i - 2. Suppose 0 = -2*r - 3*m + 5*m, -4*m = -12. Suppose -r*q + 4 = -q. What is the remainder when n(3) is divided by q?
0
Let w = -22 + 28. Calculate the remainder when w is divided by 2.
0
Let u(w) = 3*w - 4. Let y be u(3). Calculate the remainder when (2/(-4) + 0)*-2 is divided by 4/14 + y/7.
0
Let c(r) be the second derivative of -r**4/12 + 5*r**3/3 - 3*r**2 - 2*r. Calculate the remainder when 4 is divided by c(9).
1
Let a(v) be the second derivative of v**3/3 - 13*v**2/2 - 3*v. Calculate the remainder when 44 is divided by a(14).
14
Let n = -8 + 17. Let r = n - 6. Let u = r + 1. Calculate the remainder when u is divided by 2.
0
Let w be (-1904)/(-6) + 2/3. Suppose w = 5*u - 2*u. What is the remainder when u is divided by 27?
25
Let a(t) = t**3 - 4*t**2 - 4*t + 1. Let k(s) = -s. Let u be k(-4). Let f be a(u). Calculate the remainder when 17 is divided by (-3 + f)*1/(-2).
8
Let s be ((-2)/(-2))/((-4)/40). Let n be 43/(-5) + (-6)/s. Let z = n + 11. Calculate the remainder when 4 is divided by z.
1
Let b = -12 - -17. Suppose b*n - 32 = 3*n. What is the remainder when n is divided by 9?
7
Let z = 28 + -17. Suppose z*u - 7*u = 92. Calculate the remainder when u is divided by 12.
11
Suppose 17 = 2*k + t, 2*t + 29 = 4*k - 17. Let o = 11 + k. Suppose 3*g + 3 = o. Calculate the remainder when 10 is divided by g.
4
Let h(x) = x**3 + 5*x**2 - 6*x - 4. Let j = 36 + -22. Calculate the remainder when h(-5) is divided by j.
12
Suppose 5*z - 69 + 7 = -3*l, -3*z = 15. What is the remainder when l is divided by 8?
5
Suppose z + 2*z = 3*c + 6, 0 = 2*c + 4. Suppose 4*h - 316 = -z*h. Suppose -2*o + 23 = l, 3*l + 2*o = 6*o + h. What is the remainder when l is divided by 9?
7
Calculate the remainder when 14 - (-9)/(9/2) is divided by 6.
4
Suppose -3*f = -2*f - 3. What is the remainder when 31 is divided by 16 + (1 - f) - -2?
15
Suppose g = 3*g + 160. Let k = -21 - g. Calculate the remainder when k is divided by 15.
14
Suppose -m - 21 = -2*a, -4*a = a - 2*m - 52. What is the remainder when 39 is divided by a?
9
Calculate the remainder when 1 - (-4)/6*57/2 is divided by 7.
6
Suppose -2*l + 2 = -20. What is the remainder when 42 is divided by l?
9
Let s(y) = y**3 + y**2 - 4*y + 4. Let t be s(-4). What is the remainder when 21/t*-4*18 is divided by 14?
12
Let i(l) = -l**3 - 4*l**2 + 7*l - 1. Let m be i(-6). Let f = -21 + m. Suppose -x + 12 = 5*y, x - 3*x + 38 = 3*y. What is the remainder when x is divided by f?
6
Suppose -2*t = -5*r - 11 - 5, 0 = -2*t + 2*r + 28. Calculate the remainder when t is divided by 10.
8
Suppose -3*l + 70 = 2*l. Let n(b) = 3*b**2 - b - 3. Let j be n(-3). Suppose -2*r - j = -3*r. Calculate the remainder when r is divided by l.
13
Let b(c) = 2*c**2 - 2*c - 2. Suppose -2*q + 0*q + 7 = -z, -4*q + 11 = -5*z. Calculate the remainder when b(-1) is divided by z.
0
Let w be 477/99 - 2/(-11). Let z = 142 + -73. Suppose -z = -2*b - f - 0*f, w*f + 97 = 3*b. Calculate the remainder when b is divided by 18.
16
Let y be 156/30 + (-1)/5. Suppose -2*p = -y*m + 2*p + 77, 2*p = -4*m + 72. What is the remainder when 67 is divided by m?
16
Let s(i) = i**2 + 8*i + 26. Calculate the remainder when s(-12) is divided by 39.
35
Suppose 2 = q - 1. What is the remainder when 12 is divided by q?
0
Suppose -9*y + 5*y = 36. Let t be (-8 + 0)*1/2. Let w = t - y. Calculate the remainder when 9 is divided by w.
4
Let v(c) be the second derivative of c**4/6 + c**3/6 + c**2 - 4*c. Let s = 13 - 6. What is the remainder when s is divided by v(-1)?
1
Let q = -23 + 29. What is the remainder when 40 is divided by q?
4
Let v(z) = z - 1. Let a be v(-2). Let f(j) = -j**3 - 2*j**2 - 2*j + 3. Calculate the remainder when f(a) is divided by 7.
4
Let h(a) = -a**3 - 3*a**2 - 2*a - 4. Let m be h(-3). What is the remainder when 17 is divided by 440/45 + m/9?
7
Let w = 451 + -390. Let l(g) = 31*g. What is the remainder when w is divided by l(1)?
30
Let n be (-1)/3 + 56/(-12). Let o(i) = -6*i - 3. What is the remainder when o(n) is divided by 14?
13
Let l = 59 + -13. Calculate the remainder when l is divided by 12.
10
Suppose -3*f + 17 = 5. Suppose r + 5*o = 29, -4*r = r + f*o - 40. Calculate the remainder when 1/(1*2/22) is divided by r.
3
Let b(c) = c + 8. Suppose 5*k + 15 = -15. Let s = -3 - k. What is the remainder when s is divided by b(-6)?
1
Let h(z) = -z + 11. Let c(a) = 10*a**2 - 1. Let g be c(1). Let n be h(g). Calculate the remainder when 16 is divided by ((-36)/(-2))/n + 0.
7
Let q(x) = 1 + 0*x - 8*x + 17*x + 8*x. What is the remainder when 34 is divided by q(1)?
16
Let k(i) = -i + 7. Let q be k(6). Let m = -45 + 47. What is the remainder when 41 + (1 - q)/m is divided by 14?
13
Let i(o) = o**2 - 3. Let h(t) = -2*t + 3*t + 2*t. Let j be h(1). Calculate the remainder when 16 is divided by i(j).
4
Calculate the remainder when 29 is divided by ((-6)/(-4))/((-7)/(-70)).
14
Let g = 12 + -7. Suppose 6*s - 21 = g*s. What is the remainder when s is divided by 11?
10
Let o = 13 - 5. What is the remainder when ((-2)/5)/(o/(-320)) is divided by 9?
7
Let u = 17 + 39. What is the remainder when (u + -1)/(2/2) is divided by 19?
17
Suppose 2*j - 144 = -4*l, -l + 5*j - 4*j = -33. What is the remainder when l is divided by 19?
16
Suppose 2*d - 44 = -2*h, 0*h - 3*h = -4*d - 94. Suppose -3*l + h = -p, 3*p = 2*l - 5 - 3. Calculate the remainder when 39 is divided by l.
9
Suppose 4*w - 31 = -5*s - 8, -5*s + 4*w = -47. Let d(r) = -r**3 + 8*r**2 - 5*r - 9. What is the remainder when d(s) is divided by (-34)/(-10) + 2/(-5)?
2
Suppose 37 + 71 = -3*i. What is the remainder when -1*(i - -3) - 0 is divided by 18?
15
Let p = 20 + -7. Calculate the remainder when p is divided by 3/15 - 195/(-25).
5
Suppose -3*h + 4 = -71. Suppose 0 = -p - 4*p + h. Calculate the remainder when p is divided by 3.
2
Suppose -13 = 5*a + 37. Let l = a - -34. Calculate the remainder when l is divided by 9.
6
Let s(p) = p - 4. Let m = -23 + 32. Let o be s(m). Suppose -o*i - 4 = 5*a - 14, -3*i - 6 = 0. What is the remainder when 7 is divided by a?
3
Let a = -66 + 96. What is the remainder when 59 is divided by a?
29
Suppose 23*c = 24*c - 39. Calculate the remainder when 144 is divided by c.
27
Let d = 14 + -11. What is the remainder when 22 is divided by d?
1
Suppose 2*w + 2*w = 32. Let v(r) = -r**3 + 8*r**2 + 7. Let z(f) = f**2 + 9*f + 9. Calculate the remainder when z(-10) is divided by v(w).
5
Suppose -4*v - 2 = -10. Let s = -1 + 0. Let q = s + 3. What is the remainder when q is divided by v?
0
Suppose 36 + 33 = 3*s. Let z = 32 - s. Let o = 21 - -5. Calculate the remainder when o is divided by z.
8
Calculate the remainder when 47 is divided by 2*(-6)/((-30)/65).
21
Let d(p) = 27*p + 1. Calculate the remainder when d(2) is divided by -1 + 2*11 + -2.
17
What is the remainder when (-2)/(-2 + 8)*-249 is divided by 21?
20
Suppose -3*x + 376 = 5*n, -2*x + n = -3*x + 122. What is the remainder when x is divided by 30?
27
Let i = 13 - 9. Suppose 5*o - 2*j - 350 = -41, -5*o + 295 = 5*j. Suppose 153 - o = i*n. What is the remainder when n is divided by 8?
7
Let n = 12 + 146. What is the remainder when n is divided by 20?
18
Let y(t) = 2*t**2 + 3*t. Let x be y(-2). Suppose 0 = x*q - 5*q + 9. Calculate the remainder when q is divided by 2.
1
Suppose 0*o + 10 = 2*o. Suppose 5*m + 3*d = 161, 2*m = -o*d + 13 + 59. What is the remainder when m is divided by 17?
14
Suppose 2*s - 19 = -c, 0 = -3*s + c - 2*c + 28. Calculate the remainder when s is divided by 6.
3
Let j = 17 + -25. Let a = -7 - j. What is the remainder when 2 is divided by a?
0
Suppose i = -y + 25, 0*y + 95 = 5*i - y. Let n(u) = -u**3 + 12*u**2 + 4*u - 9. Calcula